 the greatest common factor of 8 and y?
2
Let h = 253 + -179. Let s = 96 - h. What is the highest common factor of s and 66?
22
Suppose -t + 3 = a, 0 = 2*a - t - t - 14. Suppose a = c + 1. Suppose 4*d = d + 36. What is the greatest common divisor of c and d?
4
Let x(u) = -u**3 + 4*u**2 - 2*u - 4. Let t be x(4). Let m be (117/t)/(1/(-4)). What is the greatest common divisor of 26 and m?
13
Let l(b) = b**3 - 6*b**2 - 9*b + 14. Let u be l(7). Suppose 2*i + 3*j - 65 = u, 2*i - 2*j = -3*i + 134. What is the highest common divisor of 140 and i?
28
Let m be (-4 - -1)*-3*(-42)/(-18). Calculate the greatest common divisor of m and 252.
21
Let h(i) = 16*i + 17. Let x be h(7). Suppose -t - t - x = -5*d, -d = 5*t - 42. Calculate the highest common factor of 3 and d.
3
Suppose 5*a = 2*d - 205, 0 = -d - 2*a - 8 + 88. Let c(j) = -j**3 + 32*j**2 - j + 52. Let m be c(32). Calculate the greatest common factor of d and m.
10
Let g(h) be the third derivative of h**4/3 + 13*h**3/3 - 13*h**2. Let z be g(-3). Let x be (-2)/(-1 - 7/(-8)). Calculate the highest common factor of z and x.
2
Suppose -4*m = -n + 16, m + 7 = n - 0. Suppose -4*t - 2*b = -7 - 67, -t + 26 = 2*b. Calculate the greatest common divisor of t and n.
4
Let i(q) = -99*q**3 + q**2 + q + 1. Let z be i(-1). Let n be -2*((1 - 6) + (-675)/90). Calculate the highest common factor of z and n.
25
Let k be 4 + 1 + 0/(-2). Let n be 1*(15/k + 2). Suppose 0 = -4*u + n*u - 72. What is the highest common divisor of 18 and u?
18
Let u be (300/40)/((-3)/(-76)). What is the highest common divisor of 38 and u?
38
Let h = 10 + -6. Suppose -h*v - 25 = v. Let x be ((-33)/2)/(v/10). Calculate the highest common factor of 22 and x.
11
Let u be 18/8 + 3/(-12). Suppose g = -u*g + 126. Suppose 0 = 2*m + 18 - g. Calculate the greatest common divisor of 30 and m.
6
Let f(p) = p**3 + 1. Let l(x) = -3*x**3 + 7*x**2 + 5*x. Let r(t) = 4*f(t) + l(t). Let c be r(-2). Calculate the highest common factor of c and 56.
14
Let i = 152 + 1036. What is the greatest common divisor of 22 and i?
22
Let n = 140 + -60. Calculate the highest common factor of 32 and n.
16
Let p be (-101196)/(-117) + 2/26. What is the highest common factor of p and 5?
5
Let l = -51 + 50. Let g be (3/6*-23)/(l/22). Let w = -1 + 24. What is the highest common factor of g and w?
23
Let j(r) = -34*r**3 + r**2 + 15*r. Let p be j(-3). Calculate the highest common divisor of 18 and p.
18
Let n(r) = -2*r**2 - 8*r - 1. Let g be n(-2). Calculate the highest common divisor of g and 126.
7
Let y(a) = -a. Let r be y(-2). Suppose -r*o + 207 = 45. What is the greatest common factor of o and 27?
27
Suppose x + 3 = 0, 5*g - 8*x + 7 = -12*x. What is the greatest common divisor of g and 30?
1
Suppose 7 + 3 = 5*l. Suppose v - l*z - 246 = 0, -5*z + 214 + 809 = 4*v. Let h be 4/(-10) + 426/15. What is the highest common divisor of h and v?
28
Suppose 733*z = 730*z + 198. Calculate the highest common divisor of z and 4.
2
Let g = -1332 - -1732. What is the highest common divisor of 64 and g?
16
Suppose 0*b = -5*b + 4*c + 156, 4*b + 3*c = 100. Let a = 575 + -295. What is the greatest common factor of a and b?
28
Suppose 5*g + 84 - 4 = 2*o, g = -2*o + 92. Calculate the greatest common factor of 765 and o.
45
Let p = -886 - -940. What is the greatest common factor of 72 and p?
18
Let i(c) = 78*c. Let o be i(1). Let k be o/15 - 1/5. Suppose 12*g - 6 = 6. What is the highest common divisor of g and k?
1
Suppose 3*f - 54 = -4*b + 4, 4*b = -5*f + 94. Suppose 2*c = -2*d + f, -2*d = -0*c - 2*c - 30. What is the highest common divisor of 12 and d?
12
Let i = 19 - 4. Calculate the greatest common factor of 75 and i.
15
Suppose 3*s - 7*s = w - 92, -4*w = 3*s - 407. Suppose -w = -4*k + 60. Calculate the highest common factor of k and 41.
41
Let g(n) be the third derivative of -47*n**4/12 + n**3/3 + 13*n**2. Let i be g(-2). What is the greatest common divisor of 38 and i?
38
Let v = 472 + -112. Suppose -293 - 607 = -15*z. What is the highest common factor of z and v?
60
Let u(z) = -4*z - 1. Let g be u(-9). Suppose m - 148 = -143. What is the highest common factor of g and m?
5
Let m = 10 - -2. Let x = -33 - 14. Let n = 95 + x. Calculate the greatest common divisor of m and n.
12
Suppose -11*f - 27 = -14*f. Suppose 4*z - 46 = l, -3*z + 25 = -l - f. Let a be z*(-2)/9*-15. Calculate the greatest common divisor of a and 20.
20
Let v = 119 + -74. Suppose 7*k = 2*k + v. Let w be k - (1 - (1 + -2)). Calculate the greatest common factor of 49 and w.
7
Let d = -134 + 339. What is the highest common factor of 82 and d?
41
Let w be 5 - (-6)/(-24)*-548. What is the greatest common factor of w and 1349?
71
Let y be (-6)/(9/(18/(-4))). Suppose 0 = -c + 5*f - 2, -2*c + 13 = -3*f + y. What is the highest common divisor of 56 and c?
8
Suppose 0 = 3*i - 4*i + 1. Let a be (-2)/(-2) + 4/i. Suppose 0 = -3*k - 2*o + 167, -a*k + 3*o = -2*o - 270. Calculate the greatest common divisor of 5 and k.
5
Let q(r) = r**3 + 5*r**2 - 10*r - 7. Let l be q(-6). Suppose 5*s - w - 103 = -0*w, l = s + w. Calculate the highest common factor of 8 and s.
4
Let q(y) be the third derivative of -y**4/24 + 5*y**3/6 + 7*y**2. Let f be q(-14). Let z = 39 - f. Calculate the greatest common divisor of z and 8.
4
Suppose m = 2*c - m - 140, -3*m + 58 = c. Let l = c - 47. Let x(s) = s**2 - 5*s - 6. Let b be x(7). What is the greatest common divisor of b and l?
4
Let r be (-2 - (-28)/16)*(-3 - 265). Suppose -3*n = -2*i - 36, i - r = -5*n + 2*i. Calculate the greatest common divisor of n and 4.
2
Let q(u) = 5*u**2 - u + 52. Let z be q(4). What is the greatest common divisor of 896 and z?
128
Let k = 2514 + -1267. Calculate the greatest common divisor of 29 and k.
29
Let p(q) = 102*q - 10. Let d be p(10). What is the greatest common divisor of d and 10?
10
Let q(r) = 6*r**2 + 18*r - 42. Let v be q(-7). What is the greatest common factor of 84 and v?
42
Let s = -38 + 45. What is the highest common factor of 287 and s?
7
Let f(r) = 41*r**3 + r**2 + 2*r - 2. Let c be f(1). Let v(o) = -o**2 + 126. Let n be v(0). Calculate the greatest common divisor of n and c.
42
Let z = 79 - 43. Suppose -8*d - z = -10*d. Calculate the highest common divisor of 144 and d.
18
Suppose -8 + 0 = -2*w. Let t be 52 + 16/w*-1. Suppose -u = -0*u - 24. Calculate the greatest common divisor of u and t.
24
Let w = 245 + -37. Calculate the greatest common factor of 16 and w.
16
Let q(h) = 153*h**2. Let i be q(1). Suppose 0 = -d + 3*w + 5, -4*d + 4*w + 80 - 28 = 0. What is the highest common factor of d and i?
17
Let p(z) = -6*z**2 - 161*z + 32. Let k be p(-27). Calculate the highest common factor of k and 115.
5
Let y = -10 + 12. Suppose 0 = y*b + 2, -1 - 1 = -i + 2*b. Suppose -3*n + 4*a = -i*a - 124, -2*a - 86 = -2*n. Calculate the greatest common factor of n and 8.
8
Suppose 0 = 2*b + 2, -2*k - 6*b = -2*b - 268. What is the greatest common factor of 8 and k?
8
Suppose -358 + 43 = -5*b - 5*p, -2*b - p = -129. What is the highest common divisor of 44 and b?
22
Let s(v) = 5*v - 2. Let q be s(1). Suppose -q*b + 4 = -8, n + 9 = 5*b. What is the highest common factor of n and 121?
11
Let q be (-1084)/6 + (-14)/(-21). Let h = q + 283. Suppose 4*r - 249 = h. What is the highest common factor of 8 and r?
8
Let f(v) = v**2 - v - 3. Suppose 0*l + 2*l - 21 = n, -34 = -3*l + n. Suppose a = 2*a - l. Let g be f(a). What is the highest common divisor of g and 17?
17
Let z = -74 - -122. Calculate the highest common divisor of 16 and z.
16
Let t(y) = y**3 - 20*y**2 + 99*y - 103. Let k be t(13). Suppose 4 = -s, w + 5*s + 42 = 3*w. What is the greatest common divisor of k and w?
1
Let a = -47 - -1167. What is the greatest common factor of 14 and a?
14
Let c = 232 + -205. Let g(h) = 11*h**2 + 4*h - 3. Let z be g(3). Calculate the highest common divisor of c and z.
27
Let i be -11*((6 - 12) + 4). What is the highest common divisor of 6 and i?
2
Let d be (22/(-6))/(1/(-54)). Suppose -6*y + 2860 = 20*y. Let v = d - y. Calculate the highest common divisor of v and 8.
8
Suppose -9 = -d - 2*f, -5*d + 69 = -0*f + 2*f. Calculate the greatest common factor of d and 165.
15
Suppose -5*l - 5 = 0, -2*l = 2*x - 0*l + 20. Let g be (4/(-5))/(7/(1260/x)). What is the greatest common divisor of 32 and g?
16
Suppose -